z(y) = 4*y**3 + 28*y**2 - y + 15. Calculate z(-7).
22
Let a(i) = i**3 - 6*i**2 - 11*i + 53. Give a(4).
-23
Let i(x) = 10*x**3 + 3*x**2 + 2*x. Determine i(-1).
-9
Let z(d) = -d**2 - 2*d + 4. Calculate z(3).
-11
Let u(q) = 48*q - 86. Calculate u(2).
10
Let s(v) = 2*v**2 + 12*v + 11. Give s(-5).
1
Let r(s) = -15*s**2 - 6*s - 1. Determine r(-1).
-10
Let s(h) = -64*h**2 - h - 1. What is s(1)?
-66
Let v(l) = 10*l**2 + 731*l + 71. Give v(-73).
-2
Let m(h) = h**2 + 11*h + 2. Calculate m(-10).
-8
Let g(i) = i**3 - 27*i**2 - 29*i - 15. Determine g(28).
-43
Let s(a) = -a**3 - 4*a**2 + 3*a + 17. Calculate s(-3).
-1
Let f(p) = p**3 + p**2 - p - 39. Determine f(0).
-39
Let l(w) = 8*w + 28. What is l(-3)?
4
Let j(k) = k**3 - 7*k**2 + 4*k - 3. What is j(6)?
-15
Let t(w) = -w**3 - 27*w**2 + 29*w + 45. Calculate t(-28).
17
Let y(p) = -p**3 + 8*p**2 - 11*p - 3. Calculate y(5).
17
Let f(n) = 6*n**2 - 54*n - 3. Determine f(9).
-3
Let g(a) = 19*a**2 + 2*a - 4. Give g(2).
76
Let j(x) = 6*x**2 - 1. Determine j(1).
5
Let a(r) = -r**3 - 8*r**2 - r + 9. Calculate a(-7).
-33
Let o(v) = v**3 + 24*v**2 + 23*v. Determine o(-23).
0
Let n(s) = 4*s - 5. Determine n(3).
7
Let k(c) = -10*c**2 - 38*c + 6. What is k(-4)?
-2
Let w(x) = -x**2 + 15*x + 83. Give w(-4).
7
Let i(l) = -l + 3. What is i(-9)?
12
Let g(o) = 8*o**2 - 4*o - 7. Give g(-2).
33
Let u(z) = z**3 + 7*z**2 + 7*z + 1. What is u(-6)?
-5
Let n(b) = 6*b + 84. Determine n(-15).
-6
Let t(j) = j**3 + 3*j**2 + 4*j + 6. Calculate t(-3).
-6
Let i(f) = 6*f - 139. Calculate i(19).
-25
Let x(k) = -k**2 - 5*k + 44. Determine x(7).
-40
Let i(f) = -f**2 - f + 8. Determine i(-2).
6
Let m(x) = 17*x**3 + x**2 - x - 2. Calculate m(-1).
-17
Let q(b) = -b**2 + 3*b + 47. Give q(0).
47
Let z(u) = 26*u + 84. Calculate z(-3).
6
Let q(z) = -19*z + 4. Determine q(2).
-34
Let y(i) = 59*i. What is y(-1)?
-59
Let q(y) = 97*y + 46. Give q(-1).
-51
Let y(b) = 2*b**2 + 19*b + 7. What is y(-9)?
-2
Let x(m) = 11*m**2 - m - 3. What is x(3)?
93
Let v(l) = l + 8. What is v(-18)?
-10
Let f(p) = 10*p + 2. Give f(3).
32
Let a(h) = h**2 - 5*h - 2. Give a(5).
-2
Let h(t) = -2*t**2 - 7*t + 4. Give h(8).
-180
Let b(a) = -3*a - 10. Give b(-4).
2
Let w(a) = -4*a**2 + 8*a - 12. Determine w(2).
-12
Let z(k) = k**3 + 5*k**2 + 3*k - 2. Determine z(-3).
7
Let v(l) = 2*l**2 + 3*l. Give v(-2).
2
Let p(r) = -2*r - 20. What is p(-10)?
0
Let u(o) = -10*o**3 + 5*o + 2. Determine u(2).
-68
Let x(u) = -2*u**2 + 44*u - 245. Give x(11).
-3
Let x(j) = 4*j - 58. Determine x(16).
6
Let p(j) = -13*j + 319. What is p(24)?
7
Let m(q) = -6*q + 14. Determine m(4).
-10
Let i(y) = y**2 + 18*y - 322. What is i(11)?
-3
Let k(o) = -2*o**2 + 17*o - 4. Give k(8).
4
Let y(v) = 5*v - 20. Determine y(4).
0
Let d(h) = 3*h**2 + h - 9. What is d(4)?
43
Let t(k) = -k**2 - 8*k - 23. Determine t(-6).
-11
Let p(s) = -s**2 - 7*s + 19. Calculate p(-9).
1
Let v(n) = 3*n**3 + n**2 - 2*n. Calculate v(-2).
-16
Let j(m) = -109*m**2 - 4*m - 1. Calculate j(-1).
-106
Let h(y) = y**3 - 9*y**2 + y + 6. Calculate h(9).
15
Let w(b) = -b**3 + 10*b**2 - 4*b + 14. Give w(10).
-26
Let a(i) = 19*i**2 - 5*i + 5. What is a(2)?
71
Let f(i) = i**3 - i**2 + 3*i - 10. What is f(4)?
50
Let j(f) = -11*f + 2. Give j(-5).
57
Let g(l) = -l**3 - 6*l**2 + 4*l + 4. Calculate g(-6).
-20
Let u(v) = -12*v - 116. Determine u(-10).
4
Let t(q) = -2*q**2 - 67*q - 61. Give t(-33).
-28
Let j(i) = i**2 + 10*i + 10. Calculate j(-5).
-15
Let q(z) = 23*z + 155. What is q(-7)?
-6
Let j(z) = -z**2 - 14*z - 15. What is j(-10)?
25
Let h(i) = 3*i + 66. Determine h(-29).
-21
Let w(m) = -m**3 - m**2 + 7*m - 2. Calculate w(-5).
63
Let l(w) = -2*w**3 - 6*w**2 - 5*w - 7. Determine l(-3).
8
Let t(p) = -p**3 + 2*p + 15. What is t(0)?
15
Let t(u) = -2*u**2 + 7*u + 8. Determine t(7).
-41
Let x(v) = v**2 - 9*v - 25. What is x(11)?
-3
Let a(j) = -7*j + 42. What is a(5)?
7
Let q(s) = 2*s**3 - 7*s**2 - 12. Calculate q(5).
63
Let h(n) = -n - 7. Give h(4).
-11
Let d(z) = -2*z**3 + 62*z**2 - z + 31. What is d(31)?
0
Let p(d) = -d**2 + 16*d - 34. Calculate p(14).
-6
Let h(f) = f**2 - 4*f - 201. Calculate h(16).
-9
Let s(k) = 17*k - 27. What is s(3)?
24
Let f(l) = -23*l**2 - 2. Calculate f(1).
-25
Let w(g) = -g**2 + 8*g - 17. Determine w(5).
-2
Let y(u) = -u**2 + 21*u - 10. Give y(7).
88
Let o(t) = t**2 - 5*t + 1. Calculate o(-2).
15
Let s(u) = u**2 - 11*u + 1. Calculate s(11).
1
Let a(c) = -c**3 - 6*c**2 + 12*c + 66. What is a(-6)?
-6
Let a(x) = -x**3 - 17*x**2 + 33*x + 778. What is a(-16)?
-6
Let t(r) = -2*r**3 - 13*r**2 - 7*r + 1. What is t(-6)?
7
Let u(c) = 2*c. Calculate u(10).
20
Let t(w) = w**3 - 4*w**2 - 6*w + 16. Determine t(5).
11
Let o(i) = -i**3 - 18*i**2 + 19*i - 17. Calculate o(-19).
-17
Let t(c) = 8*c + 132. Give t(-14).
20
Let t(b) = b**3 + 6*b**2 + 6*b - 3. Give t(-6).
-39
Let l(p) = -5*p - 106. Calculate l(-23).
9
Let q(n) = -3*n**2 - n + 18. What is q(-5)?
-52
Let h(b) = -2*b + 13. What is h(7)?
-1
Let l(k) = k**2 + 15*k + 18. Calculate l(-14).
4
Let z(p) = 29*p + 12. Give z(3).
99
Let a(s) = -s + 7. What is a(15)?
-8
Let s(u) = -u + 6. Calculate s(15).
-9
Let t(n) = -35*n + 1. What is t(2)?
-69
Let z(x) = x + 1. What is z(-12)?
-11
Let p(c) = c**3 - 11*c**2 + 5. Calculate p(9).
-157
Let w(l) = -2*l**2 + 3*l - 4. Determine w(2).
-6
Let q(w) = w**2 - 8. Give q(-5).
17
Let g(h) = -5*h**2 - 18*h + 12. What is g(-5)?
-23
Let q(g) = -19*g + 3. Determine q(-4).
79
Let j(t) = -5*t + 62. Determine j(8).
22
Let f(j) = -11*j - 63. Give f(-5).
-8
Let k(q) = -q**3 + 8*q**2 + 2*q - 62. Calculate k(7).
1
Let k(z) = -z**3 - 4*z**2 - 4*z - 10. What is k(-4)?
6
Let u(w) = w**3 - 3*w**2 + 4*w - 6. What is u(3)?
6
Let j(r) = r**2 + 7*r - 40. Determine j(-10).
-10
Let y(p) = 5*p**2 + 13*p + 15. Give y(-2).
9
Let k(d) = d**2 - 2*d - 8. Calculate k(5).
7
Let j(t) = t**2 - 6*t - 10. Determine j(7).
-3
Let x(u) = -u**2 - 13*u + 206. What is x(-22)?
8
Let d(h) = -h**2 - 29*h - 185. Calculate d(-19).
5
Let k(a) = -2*a**2 - 73*a - 35. Calculate k(-36).
1
Let u(d) = d**2 - 10*d - 19. Calculate u(9).
-28
Let t(s) = -2*s**3 + 78*s**2 - s + 38. Determine t(39).
-1
Let x(a) = 2*a**3 - 30*a**2 - 1. Calculate x(15).
-1
Let i(q) = 4*q + 9. Calculate i(6).
33
Let a(i) = -i**3 + 19*i**2 + 19*i + 23. What is a(20)?
3
Let y(d) = 52*d + 510. Calculate y(-10).
-10
Let h(s) = -2*s**2 + 24*s - 6. Determine h(12).
-6
Let q(i) = -18*i - 288. What is q(-16)?
0
Let a(m) = 5*m + 5. Calculate a(-8).
-35
Let p(g) = -10*g + 59. What is p(8)?
-21
Let m(q) = q**2 + 7*q + 5. Calculate m(-6).
-1
Let a(t) = t**2 - 8*t + 4. Determine a(6).
-8
Let k(a) = a**3 - 4*a**2 - 8. Give k(4).
-8
Let p(q) = q**3 - 6*q**2 - 5*q - 9. Calculate p(7).
5
Let j(i) = -i**3 - 6*i**2 + 7*i - 14. Give j(-7).
-14
Let z(a) = 13*a - 60. Give z(5).
5
Let q(o) = -5*o + 6. Give q(3).
-9
Let c(w) = 3*w - 25. Give c(19).
32
Let a(d) = d + 29. Determine a(-15).
14
Let o(l) = -l**2 + 11*l - 13. What is o(9)?
5
Let u(x) = x**3 - 2*x - 98. What is u(0)?
-98
Let k(g) = -69*g**3 + 3*g**2 - g - 1. Determine k(1).
-68
Let r(b) = -b**3 + 5*b**2 - 6*b. Calculate r(3).
0
Let x(v) = -5*v - 56. What is x(-10)?
-6
Let r(q) = -q**3 + 5*q**2 - 2*q + 2. What is r(6)?
-46
Let k(l) = -4*l + 87. Determine k(7).
59
Let u(k) = -2*k - 21. Calculate u(-4).
-13
Let u(d) = 2*d**3 + 60*d**2 - 3*d - 82. Give u(-30).
8
Let q(g) = g**3 - 30*g**2 - 29*g - 54. Calculate q(31).
8
Let z(d) = 6*d - 13. What is z(1)?
-7
Let m(h) = -h**2 + 14*h + 13. Calculate m(12).
37
Let h(j) = -j**3 + 4*j**2 + j - 2. Calculate h(-3).
58
Let x(f) = -3*f**3 + 2*f**2 - f. Calculate x(-1).
6
Let j(u) = -2*u**2 - 14*u + 4. What is j(-7)?
4
Let q(d) = -d**3 + d**2 - 15. Give q(0).
-15
Let l(o) = o**2 - 2*o + 9. What is l(5)?
24
Let y(a) = -a**3 + 6*a**2 + 5*a - 8. Give y(7).
-22
Let p(t) = 8*t**3. Calculate p(1).
8
Let a(h) = -h**2 - 16*h - 43. Give a(-7).
20
Let j(u) = -u**2 - 11*u + 30. Calculate j(-13).
4
Let w(z) = -z**3 + 5*z**2 - 4*z + 12. Calculate w(5).
-8
Let p(f) = -4*f + 1. Determine p(-1).
5
Let r(b) = -b**3 + 6*b**2 - b + 12. What is r(6)?
6
Let f(a) = -2*a - 15. What is f(-8)?
1
Let d(z) = 8*z + 38. What is d(-5)?
-2
Let d(f) = 5*f + 10. Determine d(-1).
5
Let p(l) = -3*l**3 + l**2. Calculate p(1).
-2
Let j(f) = -2*f**3 + 15*f**2 + 6*f + 19. Determine j(8).
3
Let i(b) = 8